4).
-274
Let z(s) = 7*s**3 - 2*s**2 + 197*s + 198. What is z(-1)?
-8
Let w(q) = -q**2 - 11*q + 10. Give w(3).
-32
Let s(f) = -f**3 - 2*f**2 + 29*f - 55. What is s(2)?
-13
Let w(a) = 1185*a - 4737. Determine w(4).
3
Let a(u) = -18*u - 195. Calculate a(-5).
-105
Let t(o) = o**2 - 50*o - 460. Calculate t(58).
4
Let u(r) = r**3 - 17*r**2 + 59*r + 24. Give u(14).
262
Let n(x) = 12*x**3 + 4*x**2 - 2*x. Give n(1).
14
Let l(v) = -141*v**2 - v - 9. Calculate l(-1).
-149
Let b(k) = 231*k - 684. Give b(3).
9
Let f(a) = -a**3 - 13*a + 80. Calculate f(7).
-354
Let x(r) = -r**3 - 18*r**2 - 23*r + 41. Give x(-17).
143
Let x(m) = -39*m**3 + 5*m**2 + 2*m - 6. Determine x(1).
-38
Let h(b) = -39*b - 72. What is h(-2)?
6
Let v(q) = q**2 + 9*q + 5. Give v(3).
41
Let a(n) = -n**3 - 23*n**2 - 37*n + 136. Calculate a(-21).
31
Let d(p) = -111*p - 476. Give d(-4).
-32
Let k(d) = 5*d**3 + 50*d**2 - 59*d - 3. What is k(-11)?
41
Let h(t) = 372*t - 25251. Determine h(68).
45
Let f(t) = 3*t**3 - 8*t**2 - 3*t - 7. Calculate f(3).
-7
Let x(m) = -2*m**3 + 5*m**2 - 13*m + 30. Calculate x(5).
-160
Let k(f) = f**3 + 9*f**2 - 7*f + 26. What is k(-10)?
-4
Let n(t) = 51*t + 438. Give n(-8).
30
Let a(j) = j**2 - 5*j - 146. What is a(15)?
4
Let o(m) = 4*m - 1. Give o(13).
51
Let r(u) = -102*u - 338. What is r(-3)?
-32
Let a(m) = 415*m + 417. What is a(-1)?
2
Let f(m) = -m**3 - 5*m**2 - m + 9. Determine f(4).
-139
Let y(w) = -337*w + 464. Determine y(2).
-210
Let g(z) = 84*z**2 + 5*z + 3. Give g(-1).
82
Let i(w) = 58*w**2 - 6*w - 4. What is i(-1)?
60
Let k(j) = -j**3 - 2*j**2 + 3*j - 9. Determine k(-4).
11
Let i(l) = -l**3 - 15*l**2 + 119*l - 136. Give i(-21).
11
Let x(t) = -3*t**2 - 31*t + 394. Give x(10).
-216
Let w(v) = 2*v**3 - 7*v**2 + 61*v - 208. What is w(4)?
52
Let m(k) = -23*k**2 + 13*k + 17. What is m(-2)?
-101
Let s(n) = 14*n + 85. What is s(-4)?
29
Let y(l) = l**2 - 116*l + 2140. Calculate y(23).
1
Let z(m) = 811*m - 17040. Give z(21).
-9
Let u(s) = -84*s - 43. Determine u(0).
-43
Let g(r) = r**3 - 49*r**2 + 43*r + 142. What is g(48)?
-98
Let s(j) = 2*j**3 + 244*j**2 + 490*j + 1215. Determine s(-120).
15
Let v(m) = -m**3 - 2*m**2 - m + 4. What is v(-4)?
40
Let c(j) = -47*j - 133. Calculate c(-6).
149
Let f(r) = r**2 + 29*r + 148. What is f(-7)?
-6
Let l(v) = -54219*v + 325301. Calculate l(6).
-13
Let z(x) = -x**2 - 65*x + 110. What is z(-67)?
-24
Let k(r) = r**2 - 13*r - 337. What is k(27)?
41
Let o(v) = -55*v - 1108. Calculate o(-17).
-173
Let j(v) = 16*v**3 + 203*v**2 - 71*v - 88. What is j(-13)?
-10
Let s(d) = -d**3 + 21*d**2 - 47*d - 51. What is s(19)?
-222
Let y(k) = -93*k - 845. Calculate y(-9).
-8
Let p(r) = -4*r**2 + 241*r + 171. Determine p(61).
-12
Let n(s) = 42*s + 348. Give n(-8).
12
Let k(s) = -3*s**2 + 70*s - 379. Determine k(6).
-67
Let r(n) = 109*n - 41765. Calculate r(383).
-18
Let r(v) = -77*v - 2410. Calculate r(-32).
54
Let a(v) = 4*v**3 - 25*v**2 - 6*v + 76. What is a(6)?
4
Let b(j) = -34*j**3 - 2*j**2 + 2*j + 3. Give b(-1).
33
Let j(z) = -135*z - 1237. Calculate j(-14).
653
Let g(i) = i**2 + 61*i - 1783. What is g(25)?
367
Let w(k) = 2*k**2 + 510*k + 5376. What is w(-11)?
8
Let y(c) = 5*c**3 - 136*c**2 - 264*c + 5. Determine y(-2).
-51
Let q(c) = -5*c**3 - 67*c**2 - 32*c + 16. What is q(-13)?
94
Let g(l) = -l**2 - 9*l + 121. Determine g(9).
-41
Let d(q) = q**2 + 107*q + 2658. Determine d(-68).
6
Let n(x) = 2*x**2 - 49*x + 197. Calculate n(20).
17
Let h(d) = d**3 + 2*d**2 - 6*d - 82. Determine h(0).
-82
Let g(j) = -j**3 + 18*j**2 + 117*j - 507. Determine g(22).
131
Let u(k) = -120*k + 1592. Give u(14).
-88
Let r(o) = -9*o**3 - 169*o**2 + 39*o + 79. Give r(-19).
60
Let u(z) = -z**3 + 82*z**2 + 1914*z - 105. Give u(-19).
-10
Let k(h) = -2*h**2 + 171*h + 126. Determine k(86).
40
Let b(i) = -i**2 - 96*i + 1056. What is b(10)?
-4
Let z(r) = -114*r + 540. Determine z(5).
-30
Let l(p) = -p**3 - 7*p**2 - 23*p + 4. Give l(-9).
373
Let k(u) = -u**3 + u**2 + 7*u + 11. What is k(5)?
-54
Let p(f) = -25*f**2 - 400*f + 8. Determine p(-16).
8
Let w(k) = k - 30. Calculate w(9).
-21
Let r(n) = -n**2 + 184*n - 6165. What is r(44)?
-5
Let d(t) = -t**3 + 152*t**2 - 159*t + 1184. What is d(151)?
-24
Let m(q) = -2*q**2 + 280. What is m(-13)?
-58
Let n(w) = -308*w + 1476. Calculate n(5).
-64
Let z(w) = 3*w**2 - 109*w - 3100. Calculate z(55).
-20
Let i(d) = 15*d**3 - 91*d**2 + 6*d - 8. Give i(6).
-8
Let j(d) = -2*d**2 - 88*d - 61. What is j(-43)?
25
Let i(g) = 2*g**3 + 27*g**2 + 15*g + 14. Calculate i(-13).
-12
Let n(y) = 213*y + 17889. Give n(-84).
-3
Let m(u) = -9*u**2 - 7*u + 17. Determine m(3).
-85
Let k(n) = 18*n - 144. Calculate k(6).
-36
Let p(z) = -250*z - 2756. Determine p(-11).
-6
Let o(d) = 3781*d - 7566. Calculate o(2).
-4
Let t(m) = -62*m + 4059. Give t(65).
29
Let k(u) = -80*u - 8408. Determine k(-107).
152
Let y(x) = -110*x - 1648. Determine y(-15).
2
Let h(i) = i**3 - 6*i**2 - 34*i + 189. Calculate h(4).
21
Let c(a) = 105*a + 3641. Give c(-35).
-34
Let l(s) = s**2 + 47*s - 4131. Calculate l(45).
9
Let j(d) = 14*d**3 - 3*d**2 - 3*d + 2. Determine j(-2).
-116
Let a(m) = -m**2 + 16*m + 233. Determine a(-12).
-103
Let z(o) = 4576*o**2 + 27456*o + 5. Calculate z(-6).
5
Let c(l) = -9*l**2 - 379*l - 59. Determine c(-42).
-17
Let f(d) = 978*d + 3898. Give f(-4).
-14
Let n(u) = u**2 - 244*u + 11033. Calculate n(60).
-7
Let q(l) = 11*l**2 + 15*l - 2. Give q(-4).
114
Let i(x) = 38*x - 546. What is i(15)?
24
Let b(n) = -28*n**3 + 61*n**2 - 13*n - 1. Give b(2).
-7
Let d(c) = 14*c + 884. Give d(-72).
-124
Let t(k) = 3*k**2 - 74*k + 287. Calculate t(4).
39
Let f(l) = 653*l - 3947. Determine f(6).
-29
Let y(u) = -u**3 - 74*u**2 - 3*u - 221. Calculate y(-74).
1
Let c(k) = 2*k**2 + 1082*k - 9904. What is c(9)?
-4
Let s(k) = 5*k**2 + 83*k + 186. What is s(-14)?
4
Let r(m) = m**2 - 13*m - 270. Calculate r(24).
-6
Let t(b) = -105*b - 261. Give t(-3).
54
Let q(c) = 424*c + 13588. Give q(-32).
20
Let q(u) = -13*u + 8. Calculate q(2).
-18
Let c(n) = 136*n + 798. Calculate c(-6).
-18
Let h(j) = -8*j**2 + 20*j - 37. Give h(2).
-29
Let i(q) = -17*q + 213. What is i(11)?
26
Let a(r) = 2*r**2 - 3*r + 182. What is a(0)?
182
Let z(p) = -8*p**2 + 18*p + 54. Calculate z(4).
-2
Let z(r) = r**3 - r**2 - 115*r + 404. Calculate z(4).
-8
Let r(m) = 13411*m - 80471. Determine r(6).
-5
Let a(m) = 130*m**2 + 219*m - 10. What is a(-2)?
72
Let f(i) = -i**3 + 6*i**2 - i - 148. Determine f(0).
-148
Let c(i) = -7*i - 517. Give c(-60).
-97
Let c(s) = -s**3 - 5*s**2 - 105*s - 835. Calculate c(-7).
-2
Let l(c) = 53*c - 5585. Calculate l(106).
33
Let i(j) = -j + 40. Determine i(-9).
49
Let k(c) = -79*c - 115. Determine k(-3).
122
Let a(b) = -154*b - 56. What is a(1)?
-210
Let y(i) = -206*i + 10312. Determine y(50).
12
Let c(p) = 1578*p + 7896. What is c(-5)?
6
Let k(h) = -h**2 + 2117*h - 72872. Determine k(35).
-2
Let v(i) = 2*i**2 - 123*i + 1852. Calculate v(27).
-11
Let i(m) = 3*m**3 - 119*m**2 - 47*m + 133. Give i(40).
-147
Let l(y) = -6*y**3 - 11*y**2 + 19*y + 24. Give l(-6).
810
Let t(x) = -2*x**2 - 40*x + 35. Calculate t(-23).
-103
Let c(a) = a**3 + 36*a**2 - 406*a + 104. Determine c(-45).
149
Let o(x) = -x**3 + 9*x**2 + 12*x - 63. Calculate o(9).
45
Let q(z) = 35*z + 2254. Give q(-65).
-21
Let c(z) = -5*z**2 - 85*z - 15. Give c(-17).
-15
Let v(b) = -b**2 + b + 279. Give v(17).
7
Let u(j) = 6*j**3 + 29*j**2 + 13*j - 2. What is u(-5)?
-92
Let b(n) = 4*n**3 + 3*n**2 - 27*n + 28. Determine b(6).
838
Let b(q) = q**3 + 15*q**2 - 331*q + 85. What is b(12)?
1
Let a(c) = 696*c - 3476. Determine a(5).
4
Let h(c) = 17*c + 396. Give h(-40).
-284
Let t(b) = 323*b + 22292. Calculate t(-69).
5
Let k(p) = -20*p + 958. Calculate k(40).
158
Let a(s) = -822*s - 3291. Calculate a(-4).
-3
Let b(l) = -10*l**2 - 74*l - 17. What is b(-7)?
11
Let z(l) = l**2 + 36*l - 40. Determine z(-38).
36
Let r(n) = -597*n + 592. What is r(1)?
-5
Let y(r) = -21*r + 149. Give y(-11).
380
Let f(h) = 31*h - 3549. Calculate f(115).
16
Let g(m) = -m**3 + 19*m**2 - 31*m + 35. Give g(17).
86
Let y(o) = o**3 + 111*o**2 + 915*o - 34. Give y(-9).
-7
Let b(s) = 30*s - 118. Give b(6).
62
Let y(v) = -v**3 - v**2 + 16*v + 18. What is y(4)?
2
Let t(r) = -8*r**2 + 83*r - 27. Determine t(10).
3
Let k(m) = 381*m + 3819. What is k(-10)?
9
Let k(m) = -3*m**